{"id":158,"date":"2018-07-13T11:06:00","date_gmt":"2018-07-13T11:06:00","guid":{"rendered":"http:\/\/vfbi.org\/?page_id=158"},"modified":"2024-01-11T16:25:03","modified_gmt":"2024-01-11T16:25:03","slug":"datenschutzerklaerung","status":"publish","type":"page","link":"https:\/\/vfbi.org\/?page_id=158","title":{"rendered":"Datenschutzerkl\u00e4rung"},"content":{"rendered":"<p><strong>Verein zur F\u00f6rderung der weiterbildenden Studieng\u00e4nge des Instituts Bau und Immobilie an der Hochschule Augsburg e.V.<\/strong><\/p>\n<p><strong>Datenschutzerkl\u00e4rung<\/strong><\/p>\n<p>Der Verein zur F\u00f6rderung der weiterbildenden Studieng\u00e4nge des Instituts Bau und Immobilie an der Hochschule Augsburg e.V. nimmt den Schutz Ihrer pers\u00f6nlichen Daten sehr ernst.<\/p>\n<p>Wir erheben und nutzen Daten streng nach den Vorgaben der Datenschutz Grundverordnung und des neuen deutschen Bundesdatenschutzgesetzes. Wir f\u00fchlen uns der Vertraulichkeit Ihrer personenbezogenen Daten verpflichtet und arbeiten deshalb innerhalb der gesetzlichen Grenzen. Die Erhebung ihrer personenbezogenen Daten erfolgt nur in dem erforderlichen Umfang. Ihre Daten werden nur auf ihren besonderen Wunsch hin an Dritte weitergeleitet. Dar\u00fcber hinaus erfolgt eine Weiterleitung an Dritte sofern gesetzliche Erfordernisse daf\u00fcr bestehen.<\/p>\n<p>Es werden nur solche personenbezogenen Daten erhoben, die aus unserer Sicht zur Beantwortung Ihrer Anfrage erforderlich sind, \u00a0den Betrieb der Website sicherstellen sollen, f\u00fcr uns von berechtigtem Interesse sind oder zu denen Sie uns die Einwilligung zur Verarbeitung erteilt haben. Die gesetzliche Grundlagen ergeben sich aus Art. 6 Abs. 1 a), b), f) DSGVO.<\/p>\n<p>Sofern Sie Ihre Einwilligung dazu erteilen, erheben wir Daten in dem von Ihnen freigegebenen Umfang. Nehmen Sie \u00fcber angebotenen Kontaktm\u00f6glichkeiten Verbindung zu uns auf, werden Ihre Angaben gespeichert, damit auf diese zur Bearbeitung und Beantwortung Ihrer Anfrage zur\u00fcckgegriffen werden kann.<\/p>\n<p>Die Nutzung unserer Website ist normalerweise ohne die Angabe personenbezogener Daten m\u00f6glich. Soweit solche personenbezogenen Daten auf unserer Website erhoben werden, erfolgt dies, soweit m\u00f6glich, stets auf freiwilliger Basis. Die von uns erhobenen Daten werden ohne Ihre ausdr\u00fcckliche Zustimmung nicht an Dritte weitergegeben.<\/p>\n<p>Wir m\u00f6chten an dieser Stelle nochmals darauf hinweisen, dass die Daten\u00fcbertragung im Internet, beispielsweise per E-Mail, Sicherheitsl\u00fccken aufweisen kann. Ein l\u00fcckenloser Schutz der Daten vor dem Zugriff durch Dritte kann nicht gew\u00e4hrleistet werden.<\/p>\n<p>Wir halten uns an die Grunds\u00e4tze der Datenvermeidung und Datensparsamkeit. Wir speichern ihre personenbezogenen Daten daher nur so lange, wie dies zur Erreichung der hier genannten Zwecke erforderlich ist oder wie es die vom Gesetzgeber vorgesehenen vielf\u00e4ltigen Speicherfristen vorsehen. Nach Fortfall des jeweiligen Zwecks bzw. Ablauf dieser Fristen werden die entsprechenden Daten routinem\u00e4\u00dfig und entsprechend den gesetzlichen Vorschriften gesperrt oder gel\u00f6scht.<\/p>\n<p><strong>Begriffserkl\u00e4rungen<\/strong><\/p>\n<p><strong>Website<\/strong> umfasst s\u00e4mtliche von uns unter der Domain www.vfbi.org (www.fvbi.org) zur Verf\u00fcgung gestellten einzelnen Webseiten.<\/p>\n<p>Bei der <strong>DSGVO<\/strong> handelt es sich um die Verordnung (EU) 2016\/679 des europ\u00e4ischen Parlaments und Rates vom 27.04.2016 zum Schutz nat\u00fcrlicher Personen bei der Verarbeitung personenbezogener Daten, zum freien Datenverkehr und zur Aufhebung der Richtlinie 95\/46\/EG (Datenschutz-Grundverordnung).<\/p>\n<p><strong>\u00a0<\/strong><strong>Personenbezogene Daten<\/strong> sind nach Art. 4 Ziffer 1 DSGVO alle Informationen, die sich auf eine identifizierte oder identifizierbare nat\u00fcrliche Person beziehen; als identifizierbar wird eine nat\u00fcrliche Person angesehen, die direkt oder indirekt, insbesondere mittels Zuordnung zu einer Kennung wie einem Namen, zu einer Kennnummer, zu Standortdaten, zu einer Online-Kennung oder zu einem oder mehreren besonderen Merkmalen identifiziert werden kann, die Ausdruck des physischen, physiologischen genetischen, psychischen, wirtschaftlichen, kulturellen oder sozialen Identit\u00e4t dieser nat\u00fcrlichen Person sind.<\/p>\n<p><strong>Verarbeitung<\/strong> im Sinne des Art. 4 Ziffer 2 DSGVO ist jeder mit oder ohne Hilfe automatisierter Verfahren ausgef\u00fchrte Vorgang oder jede solche Vorgangsreihe im Zusammenhang mit personenbezogenen Daten wie das Erheben, das Erfassen, die Organisation, das Ordnen, die Speicherung, die Anpassung oder Ver\u00e4nderung, das Auslesen, das Abfragen, die Verwendung, die Offenlegung durch \u00dcbermittlung, Verbreitung oder eine andere Form der Bereitstellung, den Abgleich oder die Verkn\u00fcpfung, die Einschr\u00e4nkung, das L\u00f6schen oder die Vernichtung.<\/p>\n<p><strong>Profiling<\/strong> ist nach Art. 4 Ziffer 4 DSGVO ist jede Art der automatisierten Verarbeitung personenbezogener Daten, die darin besteht, dass diese personenbezogenen Daten verwendet werden, um pers\u00f6nliche Aspekte, die sich auf eine nat\u00fcrliche Person beziehen, zu bewerten, insbesondere um Aspekte bez\u00fcglich Arbeitsleistung, wirtschaftliche Lage, Gesundheit, pers\u00f6nliche Vorlieben, Interessen, Zuverl\u00e4ssigkeit, Verhalten, Aufenthaltsort oder Ortswechsel dieser nat\u00fcrlichen Person zu analysieren oder vorherzusagen.<\/p>\n<p><strong>Allgemeine Daten <\/strong><\/p>\n<p>Unsere Website erfasst mit jedem Aufruf durch Sie\u00a0 oder ein automatisiertes System eine Reihe von allgemeinen Daten und Informationen. Diese Informationen und Daten werden in Log-Files des Servers gespeichert. Unter anderem kann es sich dabei um folgende Informationen handeln:<\/p>\n<ul>\n<li>verwendetes Browsersystem und Versionen des Anwenders<\/li>\n<li>verwendetes Betriebssystem des Anwenders<\/li>\n<li>die Internetseite von welcher der Anwender auf unsere Website gelangt<\/li>\n<li>die angesteuerten Unterwebseiten die vom Anwender auf unserer Website aufgerufen werden<\/li>\n<li>Datum und Uhrzeit des Aufrufs unserer jeweiligen Webseite<\/li>\n<li>IP-Adresse<\/li>\n<li>Internet-Service-Provider \u00fcber den der Anwender die Webseiten aufruft<\/li>\n<li>Daten und Informationen die der Gefahrenabwehr im Falle von Angriffen auf unser IT-System dienen<\/li>\n<\/ul>\n<p>Wir ziehen aus diesen Daten keine R\u00fcckschl\u00fcsse auf die betroffene Person. Die Informationen dienen lediglich dem Betrieb der Website, deren fortlaufender Funktionst\u00fcchtigkeit\u00a0 und deren Optimierung. Im Falle von rechtswidrigen Handlungen k\u00f6nnen diese Informationen den Ermittlungsbeh\u00f6rden zur Verf\u00fcgung gestellt werden. Nicht zuletzt k\u00f6nnen wir durch diese Informationen den Datenschutz fortw\u00e4hrend sicherstellen und erh\u00f6hen.<\/p>\n<p>Grundlage der Datenverarbeitung ist Art. 6 Abs. 1 f) DSGVO. Die Verarbeitung dient hier unserem berechtigten Interesse zum einwandfreien Betrieb unserer Website.<\/p>\n<p><strong>Cookies<\/strong><\/p>\n<p>Unsere Website verwendet teilweise Cookies. Dies sind kleine Textdateien, die auf Ihrem Rechner abgelegt werden und die Ihr Browser speichert. Cookies richten auf Ihrem Rechner kein Schaden an und enthalten keine Viren. Cookies dienen dazu, unser Angebot nutzerfreundlicher effektiver und sicherer zu machen. Manche Cookies enthalten eine sogenannte Cookie-ID. Eine Cookie-ID ist eine eindeutige Kennung des jeweiligen Cookies. Die Kennung besteht aus einer Zeichenfolge, durch welche Internetseiten und Server dem konkreten Internetbrowser zugeordnet werden k\u00f6nnten, in dem das Cookie gespeichert wurde. Dies erm\u00f6glicht es den besuchten Internetseiten und Servern, den individuellen Browser der betroffenen Person von anderen Internetbrowsern, die andere Cookies enthalten, zu unterscheiden. Der jeweilige Browser kann so \u00fcber die eindeutige Cookie-ID wiedererkannt und identifiziert werden.<\/p>\n<p>Die meisten der von uns verwendeten Cookies sind so genannte \u201eSession Cookies\u201c. Sie werden nach Ende Ihres Besuches automatisch gel\u00f6scht, andere Cookies bleiben auf Ihrem Endger\u00e4t gespeichert bis sie diese l\u00f6schen. Die Cookies erm\u00f6glichen es uns Ihren Browser beim n\u00e4chsten Besuch wiederzuerkennen.<\/p>\n<p>Selbstverst\u00e4ndlich k\u00f6nnen Sie unsere Website auch nutzen, ohne dass Cookies verwendet werden. Sie k\u00f6nnen Ihren Browser so einstellen, dass Sie \u00fcber die Installation von Cookies informiert werden und solche nur im Einzelfall erlauben. Sie k\u00f6nnen dar\u00fcber hinaus die Annahme von Cookies f\u00fcr bestimmte F\u00e4lle oder generell ausschlie\u00dfen. Dar\u00fcber hinaus ist es m\u00f6glich beim Schlie\u00dfen des Browsers das automatische L\u00f6schen der Cookies auszuw\u00e4hlen.<\/p>\n<p>Die hierf\u00fcr notwendigen Einstellungen in dem von Ihnen verwendeten Internet Browser entnehmen Sie bitte der Hilfefunktion ihres jeweiligen Browsers oder der Dokumentation zu dem von Ihnen verwendeten Browser.<\/p>\n<p>Wir weisen darauf hin, dass sich das Ablehnen oder Anzeigen von Cookies auf die Funktionalit\u00e4t unserer Website auswirken kann.<\/p>\n<p>Die Rechtsgrundlage zur Verwendung von Cookies ergibt sich aus Art. 6 Abs. 1 f) DSGVO. Wir haben ein berechtigtes Interesse an der Verwendung von Cookies, um eine technisch fehlerfreie und optimierte Website zur Verf\u00fcgung zu stellen.<strong>\u00a0<\/strong><\/p>\n<p><strong>Aufnahmeantrag<\/strong><\/p>\n<p>Wenn Sie uns einen ausgef\u00fcllten Aufnahmeantrag \u00fcbersenden, werden Ihre Angaben aus dem Formular inklusive der von Ihnen dort angegebenen Kontaktdaten zwecks Bearbeitung der Anfrage und f\u00fcr den Fall von Anschlussfragen bei uns gespeichert. Bei den Daten handelt es sich unter anderem um den Namen, Vornamen und Email Adresse, Ihre Telefonnummer, Ihre B\u00fcroanschrift, Ihren Studiengang und Ihre Kontodaten. Diese Angaben ben\u00f6tigen wir zur Abwicklung der Mitgliedschaft. Ziel des Vereins ist es die Mitglieder gezielt mit Informationen zu versorgen. Die Grundlage zur Verarbeitung dieser Daten ergibt sich aus Art. 6 Abs. 1 b) DSGVO. Diese Daten geben wir nicht ohne ihre Einwilligung weiter. Durch die Registrierung werden ferner die vom Internet-Service-Provider der betroffenen Personen vergebene IP-Adresse, das Datum sowie die Uhrzeit der Registrierung gespeichert. Nach Beendigung Ihrer Mitgliedschaft l\u00f6schen wir Ihre Daten, sofern Sie keine Einwilligung zur weiteren Nutzung erteilt haben oder handels- oder steuerrechtliche Gesetze entgegenstehen.<\/p>\n<p><strong>Kontaktaufnahme per Email<\/strong><\/p>\n<p>Wenn Sie uns \u00fcber Email Anfragen zu Veranstaltungen \u00fcbersenden oder weitere Fragen haben, werden Ihre Angaben aus der Email inklusive der von Ihnen dort angegebenen Kontaktdaten zwecks Bearbeitung der Anfrage und f\u00fcr den Fall von Anschlussfragen bei uns gespeichert. Bei den Daten handelt es sich ausschlie\u00dflich um die von Ihnen zur Verf\u00fcgung gestellten Daten. Dies sind jedenfalls Ihr Name und Ihre Email Adresse. Optional k\u00f6nnen Sie uns auch Ihre Anschrift mitteilen. Diese Angaben nehmen wir auf, um Ihnen noch gezielter Informationen zu Ihrer Anfrage zur Verf\u00fcgung zu stellen. Die Grundlage zur Verarbeitung dieser Daten ergibt sich aus Art 6 Ab.s 1 f) DSGVO. Diese Daten geben wir nicht ohne ihre Einwilligung weiter. Durch die Registrierung werden ferner die vom Internet-Service-Provider der betroffenen Personen vergebene IP-Adresse, das Datum sowie die Uhrzeit der Registrierung gespeichert. Nach Erledigung Ihrer Anfrage l\u00f6schen wir Ihre Daten, sofern Sie keine Einwilligung zur weiteren Nutzung erteilt haben oder handels- oder steuerrechtliche Gesetze entgegenstehen.<\/p>\n<p><strong>Ihre Rechte <\/strong><\/p>\n<p>Die <strong>Auskunft<\/strong> \u00fcber die von uns gespeicherten personenbezogenen Daten zu ihrer Person erhalten Sie auf Ihre Anfrage. Die Auskunftserteilung ist f\u00fcr Sie kostenfrei.<\/p>\n<p>Ihr Recht auf Auskunft umfasst die Mitteilung \u00fcber die Verarbeitungszwecke, die Kategorien der personenbezogenen Daten, sowie die Empf\u00e4nger oder Empf\u00e4ngerkategorien. Sofern m\u00f6glich teilen wir Ihnen die geplante Speicherdauer mit bzw. die Kriterien f\u00fcr die Festlegung dieser Dauer. Dies umfasst das Recht, eine <u>kostenfreie Kopie in strukturierten g\u00e4ngigen und maschinenlesbaren Format<\/u> der bezogenen Daten zur Verf\u00fcgung gestellt zu erhalten, wobei die \u00dcberlassung der Kopie die Rechte und Freiheiten anderer Personen nicht beeintr\u00e4chtigen darf. Dies beinhaltet ihr Recht auf eine direkte <u>\u00dcbermittlung der Daten<\/u> (<strong>Recht auf Daten\u00fcbertragbarkeit<\/strong>) zu einem weiteren Unternehmen, sofern dies technisch m\u00f6glich und rechtlich zul\u00e4ssig ist.<\/p>\n<p>Dar\u00fcber hinaus haben Sie das Recht, die <strong>Berichtigung<\/strong> Ihrer Daten zu verlangen. Dies beinhaltet das Recht auf Vervollst\u00e4ndigung (Vervollst\u00e4ndigung des Datensatzes selbst; Vervollst\u00e4ndigung mittels erg\u00e4nzender Erkl\u00e4rung) unvollst\u00e4ndiger personenbezogener Daten unter Ber\u00fccksichtigung der Verarbeitungszwecke. Sofern eine Berichtigung erforderlich ist, werden wir alle Empf\u00e4nger auf Ihr Verlangen hin \u00fcber die Berichtigung hin informieren.<\/p>\n<p>Ferner besteht ein Recht auf <strong>L\u00f6schung<\/strong> Ihrer Daten. Die L\u00f6schung wird auf Ihren Wunsch hin unverz\u00fcglich erfolgen. Dies gilt nicht f\u00fcr Daten, die aufgrund gesetzlicher Vorschriften aufbewahrt werden m\u00fcssen oder zur Abwicklung des Auftrages noch ben\u00f6tigt werden. Mit Entfallen des Zwecks zur Datenerhebung oder dem Ende einer gesetzlich vorgesehenen Speicherfrist werden Ihre Daten gel\u00f6scht. Das Recht zur L\u00f6schung sieht vor, dass wir daf\u00fcr Sorge tragen, dass auf Ihr Verlangen hin die Daten auch bei Dritten gel\u00f6scht werden. Zu diesem Zweck wird der Dritte \u00fcber Ihren Namen (zwecks Zuordnung) und dem jeweiligen L\u00f6schungsverlangen aller Links, Kopien und\u00a0 Replikation informiert.<\/p>\n<p>Es besteht zudem ein Recht auf <strong>Sperrung <\/strong>Ihrer bei uns gespeicherten personenbezogenen Daten. Beim Sperren werden die von Ihnen gespeicherten personenbezogenen Daten gekennzeichnet, um deren weitere Verarbeitung und Nutzung einzuschr\u00e4nken. Sofern das L\u00f6schen Ihrer Daten aufgrund gesetzlicher, satzungsm\u00e4\u00dfiger oder vertraglicher Aufbewahrungsfristen nicht m\u00f6glich ist werden wir Ihre Daten ebenfalls sperren und Sie dar\u00fcber auch informieren. Sofern Sie die Richtigkeit Ihrer Daten bestreiten, werden wir diese bis zur endg\u00fcltigen Kl\u00e4rung \u00fcber die Richtigkeit ebenfalls sperren. Sofern Grund zu der Annahme besteht, dass Ihre schutzw\u00fcrdigen Interessen durch die L\u00f6schung beeintr\u00e4chtigt werden, werden wir ebenfalls statt einer L\u00f6schung die Sperrung der Daten vornehmen.<\/p>\n<p>Ferner besteht ein Recht auf <strong>Einschr\u00e4nkung der Verarbeitung<\/strong>. Dies besteht dann, wenn die Richtigkeit der bei uns gespeicherten Daten infrage steht.<\/p>\n<p>Daneben steht Ihnen ein <strong>Widerspruchsrecht<\/strong> gegen die Verarbeitung zu. Zudem besteht ein Recht zur <strong>Beschwerde bei der Aufsichtsbeh\u00f6rde<\/strong>. In Bayern ist dies das bayerische Landesamt f\u00fcr Datenschutzaufsicht, Promenade 27,9 1522 Ansbach, Telefon 0981 531300, E-Mail <a href=\"mailto:poststelle@lda.bayern.de\">poststelle@lda.bayern.de<\/a>. Die Datenschutzbeh\u00f6rde des Bundes mit weiteren Anschriften finden Sie unter diesem Link: <a href=\"https:\/\/www.bfdi.bund.de\/DE\/Home\/home_node.html\">https:\/\/www.bfdi.bund.de\/DE\/Home\/home_node.html<\/a><\/p>\n<p>Zur Aus\u00fcbung Ihrer Rechte finden Sie unsere Kontaktdaten am Ende dieser Erkl\u00e4rung.<\/p>\n<p><strong>\u00c4nderungen unserer Datenschutzbestimmungen<\/strong><\/p>\n<p>Wir behalten uns vor, diese Datenschutzerkl\u00e4rung gelegentlich anzupassen, damit sie stets den aktuellen rechtlichen Anforderungen entspricht oder um \u00c4nderungen unserer Leistung in der Datenschutzerkl\u00e4rung umzusetzen. Z.B. bei der Einf\u00fchrung neuer Services. F\u00fcr einen neuen Besuch gilt dann die neue Datenschutzerkl\u00e4rung.<\/p>\n<p>Verantwortliche im Sinne der Datenschutz-Grundverordnung sind wir:<\/p>\n<p>Verein zur F\u00f6rderung der weiterbildenden Studieng\u00e4nge des Instituts Bau und Immobilie an der Hochschule Augsburg e.V.<\/p>\n<p>c\/o Ines Angele<br \/>\nAn der Hochschule 1<br \/>\n86161 Augsburg<\/p>\n<p><img loading=\"lazy\" decoding=\"async\" class=\"alignnone wp-image-69\" src=\"http:\/\/vfbi.org\/wp-content\/uploads\/2017\/10\/vorstand.png\" alt=\"\" width=\"135\" height=\"20\" \/><\/p>\n<p>www.vfbi.org<\/p>\n","protected":false},"excerpt":{"rendered":"<p>Verein zur F\u00f6rderung der weiterbildenden Studieng\u00e4nge des Instituts Bau und Immobilie an der Hochschule Augsburg e.V. Datenschutzerkl\u00e4rung Der Verein zur F\u00f6rderung der weiterbildenden Studieng\u00e4nge des Instituts Bau und Immobilie an der Hochschule Augsburg e.V. nimmt den Schutz Ihrer pers\u00f6nlichen Daten sehr ernst. Wir erheben und nutzen Daten streng nach den Vorgaben der Datenschutz Grundverordnung und &hellip; <\/p>\n<p class=\"link-more\"><a href=\"https:\/\/vfbi.org\/?page_id=158\" class=\"more-link\"><span class=\"screen-reader-text\">\u201eDatenschutzerkl\u00e4rung\u201c<\/span> weiterlesen<\/a><\/p>\n","protected":false},"author":1,"featured_media":0,"parent":0,"menu_order":0,"comment_status":"closed","ping_status":"closed","template":"","meta":{"footnotes":""},"class_list":["post-158","page","type-page","status-publish","hentry"],"_links":{"self":[{"href":"https:\/\/vfbi.org\/index.php?rest_route=\/wp\/v2\/pages\/158","targetHints":{"allow":["GET"]}}],"collection":[{"href":"https:\/\/vfbi.org\/index.php?rest_route=\/wp\/v2\/pages"}],"about":[{"href":"https:\/\/vfbi.org\/index.php?rest_route=\/wp\/v2\/types\/page"}],"author":[{"embeddable":true,"href":"https:\/\/vfbi.org\/index.php?rest_route=\/wp\/v2\/users\/1"}],"replies":[{"embeddable":true,"href":"https:\/\/vfbi.org\/index.php?rest_route=%2Fwp%2Fv2%2Fcomments&post=158"}],"version-history":[{"count":9,"href":"https:\/\/vfbi.org\/index.php?rest_route=\/wp\/v2\/pages\/158\/revisions"}],"predecessor-version":[{"id":386,"href":"https:\/\/vfbi.org\/index.php?rest_route=\/wp\/v2\/pages\/158\/revisions\/386"}],"wp:attachment":[{"href":"https:\/\/vfbi.org\/index.php?rest_route=%2Fwp%2Fv2%2Fmedia&parent=158"}],"curies":[{"name":"wp","href":"https:\/\/api.w.org\/{rel}","templated":true}]}}